pose -11*s = -10*s + 2*l - 8, -l = 3*s - 4. Determine r(s).
-19
Let b(k) = -k**3 - 5*k**2 + 7*k - 8. Let m = 198 - 166. Suppose -7*c + 10*c + 20 = f, f - m = 5*c. What is b(c)?
-14
Let h(y) = 12*y**2 + 3*y - 3. Let q(d) = 25*d**2 + 5*d - 5. Let z(n) = 7*h(n) - 4*q(n). Let r(l) = -1177*l + 38842. Let o be r(33). Calculate z(o).
-16
Let f(t) = -4*t**2 + 6*t**2 - 80*t + 1 - 9*t**2 - 13*t**2 + 71*t. Calculate f(-1).
-10
Let k = -41 - -43. Suppose i = 6*i - 10, 3*i = k*j. Let b be ((-1)/(20/16))/(j/15). Let q(z) = -z**2 - 4*z - 4. Give q(b).
-4
Let t be 5/(3 - 13)*626. Let p = t + 307. Let g(i) be the third derivative of -i**5/60 - 7*i**4/24 - 4*i**3/3 - i**2. Calculate g(p).
-2
Suppose 1004 = -4*x + 1012, 5*i - 3*x - 59 = 0. Let k(f) be the second derivative of 3*f**2 + i*f - 1/3*f**3 + 0. Determine k(4).
-2
Suppose o - 5 = 3*b, -7*o + 4*b + 12 = -3*o. Let w(d) = -16*d**2 + d**3 - 8*d - 5 + 4*d - o*d + 10*d**2. What is w(7)?
2
Let f(c) be the third derivative of c**4/6 + c**3/3 - 3*c**2 + 1009*c. Determine f(-7).
-26
Let h be -44*(-1)/(-7) - 2/(-7). Let r be (-10 - -2)*3/h. Let z(b) = -b**3 + 3*b**2 + 2*b + 3. Determine z(r).
-5
Let g = -1002 + 637. Let t = -364 - g. Let l(o) = 4*o**2 + 2*o - 1. Give l(t).
5
Let s(w) = 5 + w**2 - 2*w**2 - 2*w + 0*w**2. Suppose -v - 1 = 15. Let r be 58/(-10) - (128/(-40))/v. Give s(r).
-19
Let p(j) = -2*j**3 + j**2. Let a be 8/(-12)*-3 - -153. Suppose 6*c = -23 + a. Let n = 24 - c. Calculate p(n).
-12
Let o(p) be the second derivative of -p**6/72 - p**5/60 + p**4/8 - p**3/2 - 29*p. Let r(v) be the second derivative of o(v). Give r(2).
-21
Let z(f) = -f**3 - 22*f**2 - 22*f + 6. Let w be z(-21). Let q = 39 - w. Let k(s) = -4 + s**2 - s**3 + 8 + q*s - 9*s. What is k(3)?
-5
Let m(o) = -o**3 - 8*o**2 - 12*o - 6. Let x be m(-6). Let f(r) = r**2 + r - 118. Let j(l) = l + 24. Let s(w) = -f(w) - 5*j(w). Give s(x).
-2
Let u(q) = -25*q - 170. Let f be u(-8). Suppose 0 = 333*p - 338*p + f. Let z(r) = -r**3 + 5*r**2 + 4*r + 3. What is z(p)?
-9
Let k(q) = q - 6. Let i(w) = -w**2 + 28*w + 57. Let h be i(29). Let z be (h/20 - 1)*25. What is k(z)?
4
Let h = -3918 + 3920. Let n(l) be the first derivative of 19 + l**h + 0*l - 1/3*l**3. Give n(4).
-8
Let t(z) = 17*z - 26. Let u be t(9). Let i = 132 - u. Let w(y) = -3*y**2 - 1 + y**3 + 8 - 3*y - 5*y - 2. Determine w(i).
15
Let z(d) = 2*d + 0*d - 85 + 5*d + 7*d - 7*d. Calculate z(12).
-1
Let o(t) be the first derivative of t**4/4 - 2*t**3 - 7*t**2/2 + 8*t + 777. Determine o(7).
8
Let n(v) = -2*v + 21. Let z be n(10). Let d be (2 - -1)/(z + 0). Let r(b) = 18*b - 17. Let o(u) = 6*u - 5. Let i(x) = -7*o(x) + 2*r(x). What is i(d)?
-17
Let o(h) = -h + 4. Suppose -8 = 7*m - 9*m, -5*k - 1613 = 3*m. Let z = 317 + k. Give o(z).
12
Let n(t) = -2*t + 5. Suppose -8*v = -598 - 338. Suppose -4*l - v = -13*l. Let f be (5/4 - 0)/(l/52). What is n(f)?
-5
Let w(z) = z**3 - z**2 - 2*z + 11. Let q be -1*(-1)/(-2)*0/1. What is w(q)?
11
Let g = 323136 + -323143. Let u(x) = 4*x**2 + 7*x - 1. Let b(c) = 3*c**2 + 7*c - 1. Let d(w) = -3*b(w) + 2*u(w). What is d(g)?
1
Let h(r) = -61*r - 664. Let y be h(-11). Let f(c) = 5*c - 25. Give f(y).
10
Let z be ((-12)/14)/(33/(-77)). Suppose -4*d + 65 = -5*f, z*f + 10 = -0. Let i(c) = -c**3 + 11*c**2 - 9*c - 14. Calculate i(d).
-4
Let q be (20/(-80))/(3/60)*2/(-10). Let z(x) be the third derivative of -x**5/4 - x**4/12 + x**3/6 + 4*x**2. What is z(q)?
-16
Suppose 128 = 4*v - 564. Suppose -3*j + 8*j - v = a, 0 = 5*j + 3*a - 181. Suppose -j = -6*d + 7. Let q(x) = -x + 7. What is q(d)?
0
Let d(b) be the second derivative of b**5/60 - 19*b**4/12 + 25*b**3/6 - b - 55. Let v(k) be the second derivative of d(k). What is v(16)?
-6
Let z(m) = 36 + 44 - 4*m - 38 - m + 15. Determine z(10).
7
Let f(p) = 2*p**2 + p - 1. Let d(h) = -h**3 - 8*h**2 + 22*h - 28. Let l be d(-10). Let k = 49 + l. Give f(k).
2
Suppose 784 = 15*r + 299 - 205. Let k(h) = h**2 - 43*h - 132. Calculate k(r).
6
Suppose g = -3*j + 1728, 5*j = g - 2*g + 2882. Let f = -567 + j. Let v(y) = y**2 - 10*y - 4. Give v(f).
-4
Let k(f) = -f**3 + 22*f**2 + 2*f - 32. Let r(u) = u**2 - 19*u + 110. Let t be r(11). What is k(t)?
12
Let b = 459 + -456. Let y(x) = x**3 - 5*x**2 + 8*x - 16. Let m be y(b). Let h(q) = q + 19. Determine h(m).
9
Let y be (-40)/(-16)*42/15. Suppose -4*n - y*d = -6*d, 17 = 3*n + 5*d. Let l(k) = -6*k - 1. Determine l(n).
5
Let b(c) be the third derivative of -c**5/60 + 5*c**4/12 - c**3/2 + 34*c**2. Let y(u) = -2*u - 2. Let k be y(-2). Let r be k/6*(-11 + 29). Determine b(r).
21
Suppose 3*j - 34264 = -34276. Let o(f) = -f**3 - 4*f**2 - 5*f + 3. Calculate o(j).
23
Suppose 9*y - 140 = 67. Suppose 2*m - y = -v, -3*v = -0*m - 2*m + 11. Let c(x) = -2*x + 22. Give c(m).
2
Suppose -2*j - 2*s + 3 = 11, -4*j = -s - 4. Suppose d - 3*o - 16 = -3*d, -4*d = 3*o + 8. Let v(l) = 2 - l**3 + 2 - d - 1 + l**2. Give v(j).
2
Let t(b) = 10*b**3 + 15*b**2 - 50*b - 36. Let o(q) = 7*q**3 + 9*q**2 - 33*q - 24. Let k(i) = -7*o(i) + 5*t(i). Give k(-13).
66
Let u(s) = 11*s**2 - 19*s - 12. Let q(v) = 8*v**2 - 12*v - 6. Let k(i) = -7*q(i) + 5*u(i). Calculate k(-9).
0
Let h(z) = 3*z + 1. Let j be h(1). Suppose x = 1 + j. Let m(a) be the second derivative of a**3/2 - a**2/2 + a + 329. Calculate m(x).
14
Let p(z) = 3*z + 14. Suppose 5*i + 6 = q, 18 = -8*i + 3*i - 2*q. Calculate p(i).
8
Let k(p) = 5*p**2 + 109*p - 63. Let t(d) = 8*d**2 + 173*d - 95. Let a(u) = -11*k(u) + 7*t(u). What is a(-8)?
-4
Let c(p) = 29074*p + 29079*p - 58150*p + 3 + 8*p**2. Calculate c(-2).
29
Let s(q) be the second derivative of q**5/20 - 7*q**4/12 + 7*q**3/6 - q**2/2 + q. Let y = -20486 - -20492. Determine s(y).
5
Let k(j) = 10*j + 53. Let a(h) = -36239*h + 36242*h + 7 + 10. Let s(y) = -7*a(y) + 2*k(y). Determine s(-14).
1
Let p(g) = 2*g**3 - 13*g**2 - 7*g + 75. Suppose -4*w - 1 = 5*n, 24 - 3 = w - 3*n. Give p(w).
-3
Let c(d) = -d. Suppose -13 + 7 = 6*p. Let h be (-69 - p)*(-3 - -4). Let a = 68 + h. What is c(a)?
0
Let r(a) = 530*a - 2650. Let d be r(5). Let u(z) = 5*z**2 + 6*z - 2. Let t(i) = -11*i**2 - 13*i + 4. Let b(y) = -6*t(y) - 13*u(y). Give b(d).
2
Let b(j) = -j**3 - 6*j**2 + 9*j + 4. Let v be b(-7). Let p(u) = 89*u + 10*u**2 - 3*u**2 - u**2 - 3*u**2 - 14 - 2*u**2 - 81*u. Give p(v).
6
Let v(q) = 148*q - 4. Let c be v(1). Let i = 142 - c. Let b(o) = o + 1. What is b(i)?
-1
Let p(o) be the second derivative of 0 + 3/2*o**2 + 1/20*o**5 + 3*o - 1/2*o**4 + 1/6*o**3. Let v be ((-180)/100)/(6/14*35/(-50)). Calculate p(v).
9
Suppose 12 = -0*y + 6*y. Let q be (((-5)/y)/(-5))/(1/6). Let b be q/(-1) + (0 + -1)*-9. Let z(v) = v**3 - 7*v**2 + 2*v + 8. Give z(b).
-16
Let u = 16 - 13. Suppose 10 = -5*a, 0 = -5*g + u*g - a. Let n(l) = -9*l - 1. Let b(p) = p. Let h(v) = -6*b(v) - n(v). Determine h(g).
4
Suppose 0 = -3*y - 2*p + 662, 2*p - 222 = -9*y + 8*y. Let g(m) = y*m + m**2 + 10 + 224*m - 446*m. Give g(0).
10
Let z be (-21)/14*((-16)/3 - -2). Let b(d) = -d**3 + 8*d**2 - 12*d + 3. Determine b(z).
18
Let j(u) = -8*u - 93. Let r be 1 - -6 - (-144)/6*6/(-9). Give j(r).
-21
Let d = 242 + -245. Let c be d + (-6)/(-18)*15. Let s(p) be the third derivative of -p**4/8 + p**3/3 - p**2. Give s(c).
-4
Suppose -54 = 341*r - 368*r. Let h(z) = 15*z - 14. Determine h(r).
16
Let n(a) be the third derivative of -a**5/60 - a**4/2 - 5*a**3/6 - 2*a**2 - a + 830. Give n(-12).
-5
Let u(j) = j**2 + 10*j + 1. Let s(z) = -4*z**2 - 169*z + 125. Let p be s(-43). Calculate u(p).
-23
Let p(o) = -45*o + 1. Suppose 5194*t - 7 = 5201*t. What is p(t)?
46
Let v(a) = a**3 - 29*a**2 - 4*a - 17. Let i(l) = 25*l**2 + 4*l + 15. Let u(d) = 7*i(d) + 6*v(d). What is u(-1)?
-6
Let f be (100/(-12))/((-20)/72). Let i(q) = q**2 - f*q + q + 28*q. Give i(0).
0
Suppose 11*x + 10 = 16*x. Suppose x*q + 19 = -5*t, -5*t + 1 = -4*q + 8. Let h(y) be the first derivative of -2*y**3/3 - y**2 - 4*y + 5. Calculate h(t).
-16
Suppose -4*v + 6 = v + g, 0 = 2*v + g - 3. Let j(q) = 94*q**2 + 2*q. Let a be j(v). Let x = a + -101. Let s(w) = w + 8. Calculate s(x).
3
Let q be (-3)/((-4)/(-9) - (-22)/(-36)). Let r(a) = a**2 - 18*a. Calculate r(q).
0
Let i(n) = 4*n + 3*n**2 + 334*n**3 - 152*n**3 - 183*n**3 - 5. Determine i(3).
7
Let v be (36/(-6))/(81/(-18))*(-21)/(-14). Let l(u) = -29*u**2 + u - 3. Give l(v).
-117
Let o = -7491 - -7